s divided by 269.
267
Calculate the remainder when 1305 is divided by 350.
255
What is the remainder when 2266 is divided by 182?
82
What is the remainder when 746 is divided by 256?
234
What is the remainder when 46912 is divided by 1432?
1088
What is the remainder when 128335 is divided by 930?
925
Calculate the remainder when 118787 is divided by 275.
262
Calculate the remainder when 231597 is divided by 1259.
1200
What is the remainder when 67577 is divided by 16889?
21
Calculate the remainder when 114963 is divided by 390.
303
Calculate the remainder when 7660 is divided by 50.
10
Calculate the remainder when 1115237 is divided by 20.
17
What is the remainder when 6907 is divided by 210?
187
Calculate the remainder when 1524 is divided by 45.
39
What is the remainder when 1805 is divided by 443?
33
Calculate the remainder when 223186 is divided by 463.
20
Calculate the remainder when 1277 is divided by 91.
3
What is the remainder when 4597 is divided by 70?
47
Calculate the remainder when 436334 is divided by 63.
59
Calculate the remainder when 117070 is divided by 566.
474
Calculate the remainder when 839809 is divided by 167961.
4
Calculate the remainder when 72832 is divided by 50.
32
What is the remainder when 661 is divided by 386?
275
What is the remainder when 3094 is divided by 539?
399
Calculate the remainder when 101236 is divided by 141.
139
Calculate the remainder when 8442 is divided by 4216.
10
What is the remainder when 22779 is divided by 2530?
9
What is the remainder when 163881 is divided by 152?
25
What is the remainder when 1068135 is divided by 124?
123
What is the remainder when 2820244 is divided by 519?
517
What is the remainder when 9856 is divided by 32?
0
What is the remainder when 20583 is divided by 23?
21
Calculate the remainder when 5738 is divided by 7.
5
What is the remainder when 2645 is divided by 14?
13
What is the remainder when 2373 is divided by 132?
129
Calculate the remainder when 1134748 is divided by 51.
49
What is the remainder when 18382 is divided by 2041?
13
What is the remainder when 38622 is divided by 34?
32
What is the remainder when 12920 is divided by 71?
69
What is the remainder when 291770 is divided by 181?
179
Calculate the remainder when 73733 is divided by 5.
3
What is the remainder when 10682 is divided by 153?
125
Calculate the remainder when 417 is divided by 136.
9
Calculate the remainder when 1205073 is divided by 295.
293
Calculate the remainder when 407 is divided by 133.
8
Calculate the remainder when 15463 is divided by 78.
19
What is the remainder when 24321 is divided by 3039?
9
Calculate the remainder when 1636 is divided by 158.
56
What is the remainder when 55894 is divided by 7?
6
What is the remainder when 510465 is divided by 354?
351
Calculate the remainder when 898 is divided by 9.
7
What is the remainder when 1069 is divided by 229?
153
Calculate the remainder when 2312 is divided by 583.
563
Calculate the remainder when 223810 is divided by 109.
33
What is the remainder when 161209 is divided by 327?
325
What is the remainder when 2659951 is divided by 22?
19
What is the remainder when 1524 is divided by 753?
18
What is the remainder when 1853 is divided by 213?
149
Calculate the remainder when 31834 is divided by 148.
14
What is the remainder when 6443 is divided by 87?
5
What is the remainder when 110624 is divided by 481?
475
Calculate the remainder when 687 is divided by 175.
162
Calculate the remainder when 5590 is divided by 698.
6
Calculate the remainder when 22967 is divided by 22098.
869
What is the remainder when 305338 is divided by 32?
26
Calculate the remainder when 560487 is divided by 6.
3
Calculate the remainder when 310543 is divided by 25877.
19
Calculate the remainder when 68174 is divided by 6.
2
What is the remainder when 20478 is divided by 6823?
9
Calculate the remainder when 7114 is divided by 3499.
116
What is the remainder when 27122 is divided by 26876?
246
Calculate the remainder when 638820 is divided by 29.
8
Calculate the remainder when 69029 is divided by 71.
17
What is the remainder when 1705833 is divided by 218?
201
Calculate the remainder when 58048 is divided by 2637.
34
Calculate the remainder when 117812 is divided by 13090.
2
What is the remainder when 390 is divided by 18?
12
Calculate the remainder when 8679 is divided by 2.
1
What is the remainder when 111 is divided by 50?
11
Calculate the remainder when 913725 is divided by 198.
153
What is the remainder when 34964 is divided by 188?
184
Calculate the remainder when 4051 is divided by 4029.
22
What is the remainder when 15273 is divided by 40?
33
Calculate the remainder when 75027 is divided by 37495.
37
Calculate the remainder when 17470 is divided by 249.
40
Calculate the remainder when 296639 is divided by 29.
27
Calculate the remainder when 5110 is divided by 1014.
40
What is the remainder when 349029 is divided by 43?
41
What is the remainder when 9257 is divided by 319?
6
What is the remainder when 17990 is divided by 998?
26
Calculate the remainder when 60262 is divided by 15063.
10
Calculate the remainder when 172906 is divided by 121.
118
Calculate the remainder when 28395 is divided by 7096.
11
Calculate the remainder when 13055 is divided by 238.
203
Calculate the remainder when 570223 is divided by 82.
77
What is the remainder when 27043 is divided by 50?
43
What is the remainder when 741903 is divided by 27?
24
What is the remainder when 435364 is divided by 21?
13
What is the remainder when 4770 is divided by 1587?
9
What is the remainder when 12613 is divided by 828?
193
Calculate the remainder when 5721 is divided by 1696.
633
Calculate the remainder when 1240 is divided by 334.
238
What is the remainder when 158268 is divided by 1190?
1188
Calculate the remainder when 8413 is divided by 74.
51
Calculate the remainder when 3731 is divided by 3.
2
Calculate the remainder when 73731 is divided by 24575.
6
Calculate the remainder when 1374 is divided by 677.
20
What is the remainder when 325522 is divided by 36?
10
What is the remainder when 628924 is divided by 314461?
2
What is the remainder when 16876 is divided by 73?
13
Calculate the remainder when 324591 is divided by 1189.
1183
Calculate the remainder when 1521 is divided by 168.
9
Calculate the remainder when 15800 is divided by 2106.
1058
Calculate the remainder when 15856 is divided by 31.
15
What is the remainder when 4008 is divided by 212?
192
What is the remainder when 358231 is divided by 1544?
23
Calculate the remainder when 4253 is divided by 4226.
27
Calculate the remainder when 71948 is divided by 179.
169
Calculate the remainder when 498 is divided by 11.
3
Calculate the remainder when 974 is divided by 77.
50
Calculate the remainder when 58983 is divided by 6.
3
Calculate the remainder when 9453 is divided by 4.
1
Calculate the remainder when 5174 is divided by 110.
4
What is the remainder when 52532 is divided by 22?
18
What is the remainder when 1102 is divided by 1065?
37
Calculate the remainder when 28513 is divided by 1677.
4
Calculate the remainder when 66458 is divided by 5112.
2
What is the remainder when 185245 is divided by 42?
25
What is the remainder when 98 is divided by 91?
7
Calculate the remainder when 19620 is divided by 4901.
16
Calculate the remainder when 80178 is divided by 76.
74
What is the remainder when 8234 is divided by 187?
6
What is the remainder when 21908 is divided by 149?
5
Calculate the remainder when 2477224 is divided by 534.
532
What is the remainder when 1340 is divided by 1203?
137
Calculate the remainder when 3514 is divided by 113.
11
What is the remainder when 157886 is divided by 184?
14
What is the remainder when 18281 is divided by 223?
218
Calculate the remainder when 120931 is divided by 87.
1
What is the remainder when 18265 is divided by 907?
125
What is the remainder when 2765 is divided by 99?
92
Calculate the remainder when 6373 is divided by 2123.
4
What is the remainder when 59857 is divided by 29923?
11
Calculate the remainder when 595608 is divided by 352.
24
Calculate the remainder when 17295 is divided by 401.
52
What is the remainder when 36557 is divided by 609?
17
What is the remainder when 1333903 is divided by 572?
